 the greatest common factor of 135 and v.
1
Let c(r) = -r**3 + 13*r**2 - 12*r + 2. Let u be c(12). Let l = 559 - 550. What is the highest common divisor of l and u?
1
Let h(w) = -3*w**2 - 65*w - 30. Let m be h(-21). Suppose i - 78 = 5*g + m, g = i - 70. Calculate the highest common factor of 52 and i.
13
Let w(y) = -17*y - 94. Let g(t) = 2*t - 25. Let b be g(9). Let j be w(b). What is the highest common divisor of 50 and j?
25
Let d = 944 + -710. Calculate the highest common divisor of d and 414.
18
Suppose 0 = -95*d + 5708 + 1132. Calculate the highest common divisor of 1152 and d.
72
Let b(c) = 14*c**2 - 392*c + 1150. Let l be b(3). Suppose -3*j = -21 - 3. What is the highest common factor of l and j?
4
Let k be (((-45)/10 - -3) + 2)*-2. Let r(h) = -27*h - 4. Let n be r(k). What is the highest common factor of n and 92?
23
Let n be -9 + 69 - (5 - -1). What is the greatest common divisor of n and 1494?
18
Suppose -36606 + 52540 = 46*i - 243138. Calculate the highest common factor of i and 96.
32
Suppose -3*a - w = w - 268, 4 = -4*w. Let j(q) = -16*q - 1030. Let u be j(-79). What is the highest common divisor of a and u?
18
Let f be (-1)/(-1 + (-50)/(-52)). Let n = f - 12. Let j be 2/(24/22) - (-111)/666. What is the highest common factor of j and n?
2
Let x = -27161 - -31751. Calculate the highest common divisor of 850 and x.
170
Suppose 5*x - 2*v - 597 = 0, -5*x - 17*v + 18*v = -596. Calculate the greatest common factor of 697 and x.
17
Suppose -g = 3*a - 6*g - 58, -5*a + 70 = 5*g. Let o(c) = c**2 + 8*c - 42. Let u be o(a). What is the greatest common divisor of 19 and u?
19
Let s = 25490 + -13518. Calculate the highest common divisor of 164 and s.
164
Let m = 933 - 647. Let g = -270 + m. Let c = 47 - -1. Calculate the highest common divisor of g and c.
16
Let f(g) = -74*g + 37. Let w be f(-8). Let p = 2499 - w. Suppose 2834 + p = 14*y. What is the highest common factor of 42 and y?
42
Let c be (-117448)/(-25) + (-210)/(-2625) + -10. Calculate the highest common divisor of c and 16.
16
Suppose -3*t + 97*i - 99*i = -12039, t + 4*i = 4033. Calculate the greatest common factor of 19 and t.
19
Suppose 92 = 4*w - 2*i, -w - 8*i + 14 = -4*i. Let q be (-52)/(-9) - w/(-99). Suppose 0 = 3*t + 2*t - 90. Calculate the highest common factor of t and q.
6
Let r(l) = 17*l**3 + 921*l**2 + 10*l**3 + 3 + 21*l**3 - 920*l**2 - 5*l. Let z be r(1). Suppose 143 = y - 186. What is the greatest common factor of y and z?
47
Suppose 0 = -27*g - 314*g + 63786 + 450442. Calculate the greatest common factor of g and 928.
116
Let a = 489 + -444. What is the highest common divisor of 1125 and a?
45
Let q be (4 - 14/7)*-3 + 624. Calculate the greatest common divisor of 6 and q.
6
Let p(a) = 5*a**3 - 19*a**2 - 4*a + 6. Let k be p(5). Calculate the greatest common divisor of k and 578.
34
Let a be 0/(7/(6 - 13)). Suppose 17*y + 0*y - 2176 = a. What is the highest common divisor of 16 and y?
16
Let m(b) = b**2 - 3*b - 7. Suppose -23*l + 25*l = 8. Let u be -4 + l + 2 + -8 + 1. Let i be m(u). Calculate the greatest common factor of 3 and i.
3
Let z = 768 + 1780. Calculate the greatest common divisor of z and 52.
52
Suppose -3*y - x - 6 = -6*x, -x + 3 = 0. Suppose 79 = c - 2*m, -c + m - 33 = -110. What is the highest common factor of c and y?
3
Suppose 2*r = -5*c + 858, r = -3*c + 56 + 374. What is the highest common factor of 583 and r?
53
Let w(r) = r**3 + 16*r**2 + 24*r + 45. Suppose 0 = -22*n + 25*n - 5*h + 59, -3*h + 12 = 0. Let p be w(n). Calculate the greatest common divisor of p and 48.
48
Suppose 3*u + 3*r - 873 = 0, -504 = -r - 510. Calculate the highest common factor of u and 2772.
99
Suppose 5*u = -3*o + 3*u + 32, 2*o = -u + 21. Suppose -4*f + 2*p = -114, 11*f - 30 = o*f + 2*p. Calculate the highest common divisor of f and 294.
14
Let j = -2937 - -5997. Calculate the highest common divisor of 170 and j.
170
Suppose -54*y - 99*y = -45*y - 101088. What is the greatest common factor of 975 and y?
39
Let o = -2789 - -3249. Calculate the greatest common factor of 1035 and o.
115
Let h(a) = -12*a - 3. Let w be h(-2). Suppose -15 = 2*g - 17. Suppose 43 = 3*x + g. What is the greatest common factor of x and w?
7
Let o = -15 - -26. Suppose -37 = -3*u + o. Let j = -78 - -102. What is the greatest common divisor of j and u?
8
Let w(b) = 765*b + 9140. Let h be w(-10). Calculate the highest common factor of h and 190.
10
Let l(f) = -f**2 + 2*f + 14. Let k be l(-3). Let j(b) = -94*b**3 - b**2 + 2. Let u be j(k). Calculate the highest common factor of 19 and u.
19
Suppose 5*c + 174 = 18*x - 14*x, c + 72 = 2*x. Suppose 4*z - 2480 = -z. Calculate the highest common factor of x and z.
31
Let n(o) = -11*o**3 - 11*o + 19. Let y be n(-4). Calculate the highest common factor of 13 and y.
13
Let l be (-2)/(-2)*(-1)/(-1). Let t be l + -9*(-10)/3. Let h = 182270 - 182146. What is the greatest common factor of h and t?
31
Suppose -17 + 73 = 4*p. Let f be ((-11)/(-4)*-1)/(6/(-48)). Suppose a - f - 13 = 0. Calculate the highest common factor of a and p.
7
Suppose -3*c = -3*u - 7785, 3*u = -2*c + 2*u + 5199. Let n = c + -743. Suppose -134*k + n = -129*k. What is the greatest common divisor of 53 and k?
53
Let s be (4/((-24)/10))/((-2)/72). Let r = s + -90. Let l be 428/5 - -1*18/r. Calculate the highest common factor of l and 17.
17
Let w be (-3518)/(-7) + 296/(-518). Let z = w - 497. What is the highest common factor of z and 415?
5
Let j(g) = -19*g**2 + 22*g - 15. Let z(i) = 13*i**2 - 21*i + 14. Let o(s) = -2*j(s) - 3*z(s). Let q be o(17). What is the greatest common factor of 319 and q?
11
Suppose -1625*s + 157544 = -1531*s. Calculate the greatest common divisor of 4 and s.
4
Let f be (-18)/(-12)*(-8)/6. Let p be ((-5)/f)/((-6)/1080). Let a be (p/(-5) - 3) + 3. Calculate the greatest common divisor of a and 10.
10
Suppose -m - 5 = -6*h + 4*h, 0 = 5*h - 4*m - 5. Suppose h*s = -0*s + 760. Calculate the highest common factor of s and 48.
8
Let i = 2214 + -2193. Let g be ((3 + -23)/(-2))/2. Suppose -g*v - 379 + 1534 = 0. Calculate the greatest common divisor of i and v.
21
Let r(g) = -65*g + 2590. Let p be r(2). Calculate the greatest common factor of 100 and p.
20
Let a be (-3)/(142/47 - 3). Let y be 2/(-4) + a/(-2). Suppose 0 = -p + 3*j + 19, 0 = 5*p + 3*j - 41. What is the greatest common factor of p and y?
10
Let b(x) = x**2 - 4*x - 8. Let w be b(7). Let r(y) = -83*y + 13278. Let z be r(157). What is the highest common divisor of z and w?
13
Suppose -38*y + 29*y = 0. Suppose -z + 30 + y = 0. Calculate the greatest common divisor of z and 36.
6
Let s be 4/(((-50)/(-22) - 2)*74/1554). Let r = 22 + -15. Calculate the highest common divisor of r and s.
7
Let m be (-23258)/(-17) + (-2)/17. Suppose -39*k + 33*k = -m. What is the greatest common factor of k and 57?
57
Let q = 3957 + -3382. Calculate the highest common factor of 253 and q.
23
Suppose 2*y + y - 3*d - 18 = 0, 2*y - 5*d - 12 = 0. Let x(s) = 24*s**2 - 10*s - 5. Let f be x(1). What is the highest common factor of f and y?
3
Suppose 3 = -k - 2*j + 24, 20 = 4*j. Suppose 2*f - 10 - 12 = 0. What is the highest common divisor of k and f?
11
Suppose -16*x - 64 = -32*x. Let u be (6/x)/(1/6). What is the greatest common divisor of 9 and u?
9
Suppose 26*z = -28*z + 169884. What is the highest common divisor of 22 and z?
22
Suppose 69*z + 1070 = 7142. Calculate the greatest common divisor of 836 and z.
44
Suppose -21*f - 2*f = -2346. Let s = 53 + 106. Suppose 4*z - 3*n = 278, 0 = 3*z - 4*n - s - 53. Calculate the greatest common factor of f and z.
34
Suppose -1212 = -3*t + 4*z + 741, -2604 = -4*t + 2*z. Calculate the greatest common divisor of t and 3689.
217
Suppose -t + 6*t = 20. Let y be (-2 - (-12)/10)/(t/40). Let l be y/(-60)*-3 + 252/5. Calculate the highest common factor of l and 25.
25
Suppose 9*x - 8*x - 244 = -4*w, -5*x + 1235 = 5*w. What is the greatest common divisor of x and 3348?
124
Let u be 208/20 - (-2)/(-5). Suppose h - u = -h. Let j be (2*-30)/(-6) + -5. Calculate the highest common factor of h and j.
5
Suppose -2*r = -6 + 50. Let m = 43 + r. Let h be (2 - -5) + (8 - -6). Calculate the greatest common divisor of h and m.
21
Suppose 9*c = 5*c. Suppose c = 4*x + 41 - 425. Calculate the highest common divisor of 12 and x.
12
Let